e 3703?
False
Does 18 divide 1584?
True
Does 35 divide 628?
False
Is 19682 a multiple of 26?
True
Is 84 a factor of 5376?
True
Is 11 a factor of 304?
False
Does 9 divide 6075?
True
Is 195 a factor of 37556?
False
Does 30 divide 570?
True
Is 2405 a multiple of 11?
False
Is 10 a factor of 330?
True
Is 315 a multiple of 7?
True
Is 5548 a multiple of 76?
True
Does 3 divide 885?
True
Is 3 a factor of 1488?
True
Is 150 a factor of 25800?
True
Is 218 a factor of 872?
True
Does 21 divide 754?
False
Is 27084 a multiple of 189?
False
Is 228 a multiple of 12?
True
Does 16 divide 2786?
False
Does 31 divide 1318?
False
Is 42 a factor of 126?
True
Is 2 a factor of 541?
False
Does 17 divide 13056?
True
Is 53 a factor of 1715?
False
Is 41 a factor of 1107?
True
Does 77 divide 1913?
False
Is 51 a factor of 2567?
False
Is 80 a factor of 800?
True
Does 4 divide 12132?
True
Is 9 a factor of 9?
True
Is 65010 a multiple of 15?
True
Does 132 divide 5016?
True
Is 5 a factor of 20160?
True
Is 33 a factor of 22190?
False
Is 105 a factor of 420?
True
Is 7 a factor of 22344?
True
Is 112 a factor of 4704?
True
Does 7 divide 4991?
True
Does 5 divide 43?
False
Is 48 a factor of 323?
False
Is 10 a factor of 680?
True
Is 194 a multiple of 5?
False
Is 3 a factor of 3961?
False
Is 76591 a multiple of 352?
False
Is 128 a factor of 768?
True
Does 10 divide 3680?
True
Does 54 divide 108?
True
Is 10767 a multiple of 37?
True
Is 17 a factor of 16031?
True
Does 12 divide 1632?
True
Is 23 a factor of 13317?
True
Is 196 a factor of 16456?
False
Is 7130 a multiple of 12?
False
Is 20804 a multiple of 28?
True
Is 8 a factor of 316?
False
Does 18 divide 468?
True
Is 15 a factor of 287?
False
Is 60 a factor of 1680?
True
Does 28 divide 112?
True
Does 17 divide 4062?
False
Is 30 a factor of 27515?
False
Does 104 divide 2600?
True
Is 1785 a multiple of 17?
True
Is 38880 a multiple of 27?
True
Is 1377 a multiple of 17?
True
Does 11 divide 34811?
False
Is 53724 a multiple of 242?
True
Is 8936 a multiple of 238?
False
Is 5 a factor of 13005?
True
Does 102 divide 5310?
False
Does 25 divide 1450?
True
Is 120 a factor of 652?
False
Is 50 a factor of 43246?
False
Is 10955 a multiple of 62?
False
Does 78 divide 2467?
False
Does 7 divide 40?
False
Is 1155 a multiple of 5?
True
Is 18 a factor of 1602?
True
Is 5964 a multiple of 14?
True
Is 6 a factor of 2267?
False
Is 23 a factor of 11592?
True
Is 16 a factor of 439?
False
Is 36 a factor of 10107?
False
Is 52 a multiple of 2?
True
Does 44 divide 2508?
True
Is 37 a factor of 1089?
False
Is 2308 a multiple of 51?
False
Does 25 divide 813?
False
Does 12 divide 579?
False
Does 57 divide 1824?
True
Does 332 divide 82004?
True
Does 8 divide 4225?
False
Is 22312 even?
True
Is 7290 a multiple of 27?
True
Does 5 divide 940?
True
Is 9 a factor of 12282?
False
Is 27090 a multiple of 45?
True
Does 3 divide 159?
True
Is 3240 a multiple of 10?
True
Does 19 divide 1234?
False
Is 31080 a multiple of 28?
True
Is 236 a factor of 23018?
False
Does 60 divide 6300?
True
Is 70 a factor of 1057?
False
Is 45 a multiple of 15?
True
Is 12 a multiple of 3?
True
Does 26 divide 55640?
True
Is 14 a factor of 786?
False
Is 9 a factor of 58?
False
Does 174 divide 12575?
False
Is 980 a multiple of 20?
True
Is 21 a factor of 668?
False
Does 14 divide 294?
True
Does 5 divide 1018?
False
Is 69309 a multiple of 26?
False
Does 17 divide 479?
False
Is 3172 a multiple of 126?
False
Is 13 a factor of 7644?
True
Is 26 a factor of 2548?
True
Is 80 a factor of 6957?
False
Does 72 divide 10595?
False
Does 9 divide 76?
False
Is 89 a factor of 599?
False
Is 10553 a multiple of 57?
False
Does 64 divide 1664?
True
Is 1440 a multiple of 15?
True
Is 175 a multiple of 3?
False
Is 708 a multiple of 6?
True
Does 24 divide 51552?
True
Is 1575 a multiple of 105?
True
Is 85 a multiple of 18?
False
Does 180 divide 25740?
True
Does 25 divide 4156?
False
Is 292 a multiple of 35?
False
Is 2580 a multiple of 37?
False
Is 5796 a multiple of 23?
True
Is 19176 a multiple of 94?
True
Does 96 divide 32771?
False
Is 11 a factor of 6347?
True
Is 24 a factor of 3444?
False
Does 21 divide 1867?
False
Does 41 divide 1189?
True
Does 14 divide 5887?
False
Is 16 a factor of 2208?
True
Is 43 a factor of 3841?
False
Is 37137 a multiple of 43?
False
Is 324 a multiple of 81?
True
Is 2090 a multiple of 36?
False
Is 1345 a multiple of 8?
False
Is 17 a factor of 17986?
True
Is 15 a factor of 1185?
True
Is 3 a factor of 361?
False
Is 2993 a multiple of 8?
False
Does 25 divide 196?
False
Does 3 divide 9042?
True
Does 5 divide 5598?
False
Is 33 a factor of 36676?
False
Is 9082 a multiple of 38?
True
Is 86 a factor of 486?
False
Is 2743 a multiple of 119?
False
Is 462 a multiple of 14?
True
Does 17 divide 10812?
True
Is 55 a factor of 75790?
True
Is 79 a factor of 2148?
False
Is 3401 a multiple of 41?
False
Is 523 a multiple of 31?
False
Does 19 divide 6319?
False
Does 12 divide 330?
False
Is 39 a multiple of 13?
True
Is 4061 a multiple of 131?
True
Does 14 divide 931?
False
Does 132 divide 2017?
False
Does 82 divide 9676?
True
Is 10218 a multiple of 74?
False
Is 117 a factor of 15292?
False
Is 4032 a multiple of 112?
True
Does 5 divide 20472?
False
Is 1945 a multiple of 31?
False
Is 6484 a multiple of 160?
False
Does 171 divide 1359?
False
Does 18 divide 1525?
False
Is 147 a multiple of 15?
False
Is 73 a factor of 17082?
True
Does 56 divide 51576?
True
Is 2890 a multiple of 42?
False
Is 2 a factor of 195?
False
Is 9930 a multiple of 195?
False
Does 8 divide 745?
False
Is 2 a multiple of 2?
True
Is 27 a factor of 4806?
True
Does 15 divide 6495?
True
Is 145125 a multiple of 27?
True
Is 19 a factor of 95?
True
Is 6 a factor of 2098?
False
Is 2030 a multiple of 56?
False
Does 9 divide 1518?
False
Is 2850 a multiple of 35?
False
Is 2805 a multiple of 11?
True
Is 8 a factor of 4816?
True
Is 5 a factor of 65?
True
Is 91768 a multiple of 15?
False
Is 7752 a multiple of 136?
True
Does 13 divide 8792?
False
Is 4 a factor of 888?
True
Does 31 divide 28144?
False
Is 5 a factor of 3303?
False
Is 14 a factor of 588?
True
Is 24457 a multiple of 34?
False
Is 9 a factor of 45?
True
Is 8 a factor of 836?
False
Is 3300 a multiple of 50?
True
Is 102235 a multiple of 48?
False
Is 25 a factor of 56153?
False
Does 17 divide 13736?
True
Is 30 a multiple of 6?
True
Does 73 divide 3577?
True
Does 39 divide 3861?
True
Does 112 divide 27788?
False
Does 26 divide 35801?
False
Does 10 divide 3101?
False
Is 11 a factor of 31452?
False
Does 40 divide 1200?
True
Is 19392 a multiple of 101?
True
Does 8 divide 26726?
False
Is 533 a multiple of 15?
False
Is 25 a factor of 52289?
False
Does 50 divide 1934?
False
Is 238 a multiple of 13?
False
Is 10 a factor of 3570?
True
Is 2214 a multiple of 54?
True
Is 293 a multiple of 6?
False
Is 4725 a multiple of 9?
True
Is 40 a factor of 11400?
True
Is 2473 a multiple of 72?
False
Does 18 divide 3204?
True
Is 603 a multiple of 9?
True
Is 922 a multiple of 135?
False
Is 7520 a multiple of 94?
True
Is 76139 a multiple of 271?
False
Is 50688 a multiple of 264?
True
Is 42 a factor of 42?
True
Is 1190 a multiple of 5?
True
Is 1848 a multiple of 33?
True
Is 71248 a multiple of 292?
True
Does 17 divide 1156?
True
Is 20256 a multiple of 96?
True
Does 50 divide 7300?
True
Does 40 divide 2301?
False
Does 48 divide 2635?
False
Is 26 a factor of 99?
False
Is 4 a factor of 1483?
False
Is 52 a factor of 1248?
True
Does 30 divide 309?
False
Does 16 divide 118336?
True
Does 25 divide 2213?
False
Is 25 a factor of 736?
False
Does 4 divide 222?
False
Does 8 divide 1040?
True
Is 30513 a multiple of 21?
True
Is 38 a factor of 8977?
False
Does 45 divide 2385?
True
Is 139 a factor of 49839?
False
Is 1036 a multiple of 7?
True
Is 368 a multiple of 2?
True
Does 8 divide 2945?
False
Does 6 divide 246?
True
Is 25 a factor of 450?
True
Does 7 divide 6312?
False
Is 13503 a multiple of 104?
False
Does 29 divide 2639?
True
Is 847 even?
False
Is 4 a factor of 61138?
False
Does 24 divide 10317?
False
Is 24 a factor of 768?
True
Is 27751 a multiple of 3?
False
Is 151 a factor of 63578?
False
Does 134 divide 130456?
False
Is 2240 a multiple of 28?
True
Does 66 divide 497?
False
Does 73 divide 2766?
False
Is 23 a factor of 4186?
True
Does 4 divide 510?
False
Do